is the tens digit of 30333480?
8
What is the millions digit of 544986496?
4
What is the thousands digit of 263768147?
8
What is the hundred thousands digit of 18014305?
0
What is the hundred thousands digit of 209297042?
2
What is the hundred millions digit of 196612492?
1
What is the ten thousands digit of 1494891574?
9
What is the hundred millions digit of 1139565124?
1
What is the units digit of 236023340?
0
What is the units digit of 29977664?
4
What is the billions digit of 2525662018?
2
What is the hundred thousands digit of 117736787?
7
What is the millions digit of 7674117653?
4
What is the hundreds digit of 84546668?
6
What is the millions digit of 252913318?
2
What is the hundred millions digit of 3830963887?
8
What is the thousands digit of 3483190488?
0
What is the hundred thousands digit of 1136261916?
2
What is the units digit of 490400061?
1
What is the tens digit of 6918327495?
9
What is the millions digit of 162770604?
2
What is the thousands digit of 6216104535?
4
What is the hundred millions digit of 1680764600?
6
What is the units digit of 796570618?
8
What is the ten thousands digit of 363623308?
2
What is the ten thousands digit of 68016068?
1
What is the ten millions digit of 1506628996?
0
What is the millions digit of 25025816?
5
What is the tens digit of 22021790?
9
What is the ten thousands digit of 116906356?
0
What is the units digit of 799541654?
4
What is the thousands digit of 282991840?
1
What is the thousands digit of 166667498?
7
What is the tens digit of 1786827757?
5
What is the thousands digit of 585727629?
7
What is the hundreds digit of 805256494?
4
What is the ten millions digit of 1488597588?
8
What is the hundreds digit of 55375248?
2
What is the hundred millions digit of 747877901?
7
What is the tens digit of 1220990788?
8
What is the ten millions digit of 42942571?
4
What is the units digit of 481605066?
6
What is the millions digit of 117143192?
7
What is the units digit of 6765425?
5
What is the hundreds digit of 859203827?
8
What is the hundred thousands digit of 94644184?
6
What is the millions digit of 2726872117?
6
What is the ten thousands digit of 16562671?
6
What is the hundreds digit of 322427887?
8
What is the millions digit of 9683643?
9
What is the hundred thousands digit of 18326314?
3
What is the hundreds digit of 1833231322?
3
What is the millions digit of 24136588?
4
What is the billions digit of 4282116304?
4
What is the millions digit of 52099742?
2
What is the ten thousands digit of 18116784?
1
What is the tens digit of 128787349?
4
What is the hundreds digit of 221677795?
7
What is the tens digit of 17750457?
5
What is the hundred millions digit of 126747616?
1
What is the units digit of 584209859?
9
What is the ten thousands digit of 46641745?
4
What is the hundred millions digit of 117048622?
1
What is the hundred thousands digit of 14747044?
7
What is the ten thousands digit of 2367054?
6
What is the units digit of 819933351?
1
What is the hundreds digit of 226917775?
7
What is the hundreds digit of 578632211?
2
What is the thousands digit of 957845782?
5
What is the hundred millions digit of 196970599?
1
What is the hundred thousands digit of 76646700?
6
What is the ten millions digit of 1176894062?
7
What is the millions digit of 1493343523?
3
What is the hundreds digit of 397571828?
8
What is the hundred thousands digit of 402569076?
5
What is the tens digit of 272114113?
1
What is the ten thousands digit of 953815145?
1
What is the hundreds digit of 99955076?
0
What is the thousands digit of 11684445?
4
What is the hundred thousands digit of 236417121?
4
What is the thousands digit of 1187455045?
5
What is the ten millions digit of 1028257828?
2
What is the hundred thousands digit of 2689136432?
1
What is the ten thousands digit of 261716853?
1
What is the ten thousands digit of 486178130?
7
What is the thousands digit of 346585839?
5
What is the billions digit of 1246008620?
1
What is the hundred thousands digit of 25742901?
7
What is the billions digit of 1174428710?
1
What is the hundred thousands digit of 2279032958?
0
What is the millions digit of 60675212?
0
What is the units digit of 2627357211?
1
What is the hundred millions digit of 464675629?
4
What is the units digit of 21718044?
4
What is the hundred thousands digit of 153056818?
0
What is the ten thousands digit of 1081348457?
4
What is the hundreds digit of 879919849?
8
What is the hundreds digit of 71991570?
5
What is the millions digit of 28666293?
8
What is the millions digit of 418898684?
8
What is the thousands digit of 179423275?
3
What is the ten millions digit of 397121239?
9
What is the hundreds digit of 53725028?
0
What is the hundred thousands digit of 50727832?
7
What is the thousands digit of 528376?
8
What is the ten thousands digit of 7718106?
1
What is the ten thousands digit of 1625297012?
9
What is the hundred thousands digit of 233308089?
3
What is the millions digit of 61774840?
1
What is the ten millions digit of 481601088?
8
What is the billions digit of 2308433616?
2
What is the ten thousands digit of 21864773?
6
What is the ten thousands digit of 472054891?
5
What is the hundreds digit of 110057678?
6
What is the hundreds digit of 434923601?
6
What is the thousands digit of 3696369456?
9
What is the ten millions digit of 42273605?
4
What is the tens digit of 343764768?
6
What is the hundred millions digit of 5544560253?
5
What is the hundreds digit of 951329816?
8
What is the ten millions digit of 36055234?
3
What is the tens digit of 510802017?
1
What is the units digit of 42532023?
3
What is the ten millions digit of 602645684?
0
What is the tens digit of 3983521358?
5
What is the hundreds digit of 965364571?
5
What is the hundreds digit of 188608578?
5
What is the ten millions digit of 999798233?
9
What is the millions digit of 1137842874?
7
What is the hundred millions digit of 148538411?
1
What is the units digit of 2495817532?
2
What is the millions digit of 72796839?
2
What is the hundreds digit of 1474782508?
5
What is the units digit of 111869871?
1
What is the ten millions digit of 128271566?
2
What is the ten millions digit of 1885670246?
8
What is the units digit of 8341638?
8
What is the ten millions digit of 52247714?
5
What is the hundred thousands digit of 80142806?
1
What is the tens digit of 363956817?
1
What is the hundred thousands digit of 1103665194?
6
What is the millions digit of 58597699?
8
What is the units digit of 37374012?
2
What is the hundred thousands digit of 11203085?
2
What is the ten millions digit of 352769472?
5
What is the units digit of 1624115412?
2
What is the hundred thousands digit of 87237011?
2
What is the ten thousands digit of 3044683?
4
What is the millions digit of 544779133?
4
What is the ten thousands digit of 1293294650?
9
What is the hundred millions digit of 1317532546?
3
What is the millions digit of 40872482?
0
What is the thousands digit of 23482047?
2
What is the tens digit of 106305898?
9
What is the tens digit of 239826416?
1
What is the tens digit of 603590266?
6
What is the thousands digit of 36912488?
2
What is the units digit of 3195528922?
2
What is the tens digit of 301781503?
0
What is the units digit of 2687094304?
4
What is the hundred thousands digit of 30275113?
2
What is the hundred thousands digit of 8316751?
3
What is the units digit of 748679507?
7
What is the hundreds digit of 191507663?
6
What is the hundreds digit of 167279564?
5
What is the tens digit of 19271376?
7
What is the units digit of 2742498278?
8
What is the ten millions digit of 37243591?
3
What is the hundred thousands digit of 608007649?
0
What is the units digit of 14570636?
6
What is the tens digit of 536990409?
0
What is the hundred millions digit of 778895383?
7
What is the hundred thousands digit of 375590036?
5
What is the hundreds digit of 263869355?
3
What is the hundreds digit of 194768252?
2
What is the hundred thousands digit of 17204394?
2
What is the thousands digit of 224696546?
6
What is the hundred thousands digit of 7611778434?
7
What is the tens digit of 441826805?
0
What is the ten thousands digit of 2430415587?
1
What is the thousands digit of 43117958?
7
What is the units digit of 1535908487?
7
What is the ten thousand